, 4*g = -k + 5*g - u. List the prime factors of (-2056)/(-120) + k/30.
17
Let t = -43 + 49. Suppose t = -5*m + 81. What are the prime factors of m?
3, 5
Suppose 31448 - 596 = 6*t. List the prime factors of t.
2, 3, 857
Suppose -34264 = -10*n + 4046. What are the prime factors of n?
3, 1277
Suppose -6*q = -3757 - 1121. List the prime factors of q.
3, 271
Let l(r) = -r**3 - 10*r**2 + 8*r + 6. Let g(j) = j**3 + 11*j**2 - 8*j - 5. Let p(z) = -2*g(z) - 3*l(z). What are the prime factors of p(-8)?
2, 7
Suppose -2*d - 40 = -3*g + 3*d, -3*d = 15. Suppose g*f + 131 + 4 = 0. List the prime factors of (28/3)/((-18)/f).
2, 7
Let j(h) = h**2 - 6*h - 20. Let a be j(9). Let v be (-3)/(-21) - (-68)/14. Suppose -v*s + 134 = -3*k, -s - 4*k + 20 - a = 0. List the prime factors of s.
5
Let f(u) = 3*u + 3*u**2 + 8*u**2 - 3 + 0*u**2 + 16*u**2. Let l be f(2). Let n = -73 + l. What are the prime factors of n?
2, 19
List the prime factors of 1 + 3 + 2241*19/19.
5, 449
Let i(m) = m**2 + 7*m - 19. Let z be i(-9). Let l(x) = 18*x**2 + 14*x**2 - 3 + x + 4. What are the prime factors of l(z)?
2
Suppose -1 = -3*d + 5. Let o be (0/(-6))/(d*-1). Let v = 3 - o. What are the prime factors of v?
3
Let l = -990 - -1863. What are the prime factors of l?
3, 97
Let a(t) = 30*t**2 - 3*t - 2. Let m be a(-4). Suppose m = 7*n - 0. What are the prime factors of n?
2, 5, 7
Suppose -3*l - 5 = 7. Let y = l + 4. Suppose -p + 5 + 10 = y. What are the prime factors of p?
3, 5
Let v(r) = -r**3 + 8*r**2 + 10*r - 7. Let p be v(9). Suppose -p*g - 6 = -3*x, -x - 3*g - 3 = -4*x. Suppose 0 = -x*t + 65 + 47. What are the prime factors of t?
2, 7
Let w(h) = -67*h**3 - h - 2. Let i be w(-1). Suppose 0*r + i = 3*r. List the prime factors of r.
2, 11
Let v(p) = 132*p**2 - 20*p - 3. List the prime factors of v(-3).
3, 5, 83
Let t = 180 - 128. Suppose -x - 8 = -v - 3*x, 2*v - 5*x = t. List the prime factors of v.
2
Let q(w) = -w**2 + 12 - 16 + 21 + 12. Suppose -3*f + 6 = -2*r - 6*f, 3*r + 2*f = -4. List the prime factors of q(r).
29
Let g = -342 - -910. What are the prime factors of g?
2, 71
Suppose -5*m - 16 = -2*y - 10*m, -2*y + 8 = m. Let r be 21*(0 + (-2)/y). Let d(a) = -a + 2. What are the prime factors of d(r)?
2
Suppose 2*l = -5*v - 4, -3*l + 0*v - 5*v - 1 = 0. Suppose 0 = -3*r - 3*j + 126, 0 = 3*r - l*j - 75 - 81. What are the prime factors of r?
47
Let k(a) = a**3 + 13*a**2 + 13*a + 12. Let o be k(-12). Suppose 4*b + 20 = -o*b, b - 310 = -5*p. What are the prime factors of 39/(-13) + p + -1?
59
Let g = 4 + -13. Let k = -5 - g. Suppose 0 = 6*t - k*t - 16. List the prime factors of t.
2
Let a(g) = -2*g**3 + 2*g**2 + g + 3702. What are the prime factors of a(0)?
2, 3, 617
Suppose -g - 6*g = -105. Suppose -49 - g = -8*o. What are the prime factors of (-1989)/(-36) - (-6)/o?
2, 7
Suppose -43 = -3*n - 2*c, 2 + 23 = 5*c. List the prime factors of 2/n + ((-8240)/(-55))/1.
2, 3, 5
What are the prime factors of ((-17332)/70)/((-18)/(-10) - 2)?
2, 619
Let t(o) = 5*o + 4. Let f be t(3). Suppose -22 = -5*n - 2*x + 9, x = -3*n + f. Suppose n = -2*h + 57. What are the prime factors of h?
5
Let t(y) = y**3 - y - 1. Let u be t(2). Suppose 0 = 3*p - 23 + u. List the prime factors of ((-4)/p)/(8/(-276)).
23
Let g(a) = 4*a + 67. List the prime factors of g(-6).
43
Suppose -2*j + 19 = -109. Suppose -7*g + 111 = -j. List the prime factors of g.
5
Let b be (-4454)/(-85) + 3/5. Let n = b + -130. Let c = -43 - n. What are the prime factors of c?
2, 17
Suppose -2*d = -2*p - 724, 39*d = 35*d + 3*p + 1444. List the prime factors of d.
2, 179
What are the prime factors of (-444)/333*(-13314)/8?
7, 317
Let c(q) = -7*q + 105. Let h be c(15). Let p be 34/8 - (-2)/(-8). Suppose p*r - 57 = -m, 0 = 2*m - h*r - r - 105. List the prime factors of m.
53
Let w(j) be the second derivative of 7*j**3/3 - 21*j**2/2 - 4*j. List the prime factors of w(6).
3, 7
Let k be -2*23/(-2) + -1. Suppose 80 = k*n - 14*n. List the prime factors of n.
2, 5
Let m(d) = -38*d - 17. Let f be m(-7). Let o = f - 154. What are the prime factors of o?
5, 19
Let p be -3*2/3 - (-6 - 1). Suppose 7*x - 68 = p*x. List the prime factors of x.
2, 17
Suppose 6*k - k = 25. Let l(c) = 3*c**2 - 7*c + 7. What are the prime factors of l(k)?
47
Suppose -194 = 12*n - 14*n. Suppose -4*y + 15 = -n. What are the prime factors of y?
2, 7
Let u(r) = -r**2 - 22*r - 40. Let i be u(-20). Suppose 4*t + i*m - 4*m = 588, 3*t - 4*m = 446. List the prime factors of t.
2, 71
Suppose 14*g = 4*g - 3280. Let p = g - -471. What are the prime factors of p?
11, 13
List the prime factors of (22788/126)/(6/84).
2, 3, 211
Let m(a) = a**2 - a + 2. Let q be m(3). Let i = q - -28. List the prime factors of i.
2, 3
Let o = -58 + 54. What are the prime factors of -2*((-137)/2 + 6/o)?
2, 5, 7
Suppose n - 6*n = -15. Suppose 0 = n*k - 5*m - 27, 5*k - 45 = -2*m - m. List the prime factors of k.
3
Suppose -24*i - 51 = -27*i. Let r(l) = -l**3 + 16*l**2 + 21*l - 14. Let f be r(i). Suppose 4*k = 18 + f. What are the prime factors of k?
2, 3
Suppose 0 = n + 14 + 65. Let z = -25 - n. What are the prime factors of z?
2, 3
Let b be 1/4*4 + 21. Let m(h) = 4*h - 4. Let y be m(2). List the prime factors of (y/2)/(1/b).
2, 11
Let n be 3699/(-18)*(-20)/6*1. Suppose 0 = 6*j - j - n. List the prime factors of j.
137
Let c(o) = -218*o - 2. Let s be c(-1). Suppose 0 = w + 3*a - s, 5*w - 2*a = w + 920. What are the prime factors of w?
2, 3, 19
Suppose 0 = -3*r + 5389 + 644. List the prime factors of r.
2011
Let a be (-2)/(-3) + 80/15 + -1. What are the prime factors of 3 - (a + -1) - -274?
3, 7, 13
List the prime factors of (((-6)/4)/(-3))/(20/19160).
479
Let y(i) = i - 2. Let m be y(2). Suppose m = -5*t + 4*a + 241, t - 2*a = -t + 96. List the prime factors of t.
7
Suppose 0 = 3*k + 9, 3*k - 4*k = -3*d - 507. Let t be ((-12)/(-10))/((-3)/d). Let p = -33 + t. What are the prime factors of p?
5, 7
Suppose 66*t - 6736 = 50*t. What are the prime factors of t?
421
Let p(g) = -g**3 - 6*g**2 - 8*g + 4. Let f be p(-5). Let w = f + -32. Let i = 44 + w. List the prime factors of i.
31
Let s be 2/(-9) - 4873/(-99). Suppose -s = -l + 20. List the prime factors of l.
3, 23
Suppose 0 = 15*k - 33 - 27. Let f(b) = 7*b + 57. List the prime factors of f(k).
5, 17
Suppose 5*r + 5*f - 479 = 2*f, 0 = -2*r + 3*f + 200. Let q = r - 42. What are the prime factors of q?
5, 11
Suppose 27 = m - 4*m. Let t(j) = -21*j - 1. Let o be t(m). Suppose -5*k + y = -o - 5, -2 = -y. List the prime factors of k.
3, 13
Let t be (-8 - -7)/((-1)/3). Suppose v = -0*y - t*y + 8, -4 = -5*y - 4*v. Suppose 5*a + 0*a - 66 = y*x, 0 = 4*x + 16. List the prime factors of a.
2, 5
Let m(d) = d**3 - 31*d**2 - 17*d + 33. What are the prime factors of m(32)?
3, 19
Let o(a) = 625*a - 1. List the prime factors of o(1).
2, 3, 13
Suppose 2221 = 3*l - 5*t, t = -4 + 5. What are the prime factors of l?
2, 7, 53
Let c(o) = 27*o + 1. Let d be c(1). Suppose 9*y + 15*y - 72 = 0. Suppose y*b - d = -b. What are the prime factors of b?
7
Let q(k) = 6*k**2 - k - 3. Let w be (6 - 3)*(-3 - -4). List the prime factors of q(w).
2, 3
Let f be -2*(-2)/4 - -3. Suppose -3*o + 3*t + 22 = -11, f*o - 3*t - 48 = 0. What are the prime factors of o?
3, 5
Suppose f - 5*n + 2757 = 4*f, -4*f - n = -3659. List the prime factors of f.
2, 457
Let q(l) = -36*l - 8. Suppose 3*u - 1 + 3 = -5*a, -3*u = -3*a + 18. List the prime factors of q(u).
2, 17
Let w be -1*(-3 + (-3 - -4)). Let l(p) = 30*p + 0*p**w - 5 - 39*p + p**2. What are the prime factors of l(11)?
17
List the prime factors of -291*45/(-54)*20.
2, 5, 97
Suppose -m - 3503 = a - 5*a, 0 = -4*a - 3*m + 3507. List the prime factors of a.
2, 3, 73
Suppose 6*z - 15 = -3. Suppose -2*k - 14 = -z*g, 2 = 3*g + k - 15. What are the prime factors of g?
2, 3
List the prime factors of (-8 + 2)/((-6)/255).
3, 5, 17
Let r = -2 - 2. Suppose 0 - 5 = 5*o. Let w = o - r. List the prime factors of w.
3
Suppose j + 2*b = -0*j + 1078, 3*j - 3267 = 5*b. What are the prime factors of j?
2, 271
Let n(o) = 11*o**2 - 17*o - 117. Let f(h) = 5*h**2 - 8*h - 59. Let l(d) = -13*f(d) + 6*n(d). List the prime factors of l(0).
5, 13
Let m = -852 - -1232. List the prime factors of m.
2, 5, 19
Suppose -2*f = -15*f + 23777. What are the prime factors of f?
31, 59
Suppose 5*n = -2*i + 30, -n + 